{"id":2,"date":"2015-04-30T13:23:29","date_gmt":"2015-04-30T13:23:29","guid":{"rendered":"http:\/\/365design.no\/wp\/?page_id=2"},"modified":"2015-05-20T00:52:51","modified_gmt":"2015-05-19T22:52:51","slug":"om-365-design","status":"publish","type":"page","link":"https:\/\/365design.no\/index.php\/om-365-design\/","title":{"rendered":"Om 365 DESIGN"},"content":{"rendered":"<h2>Om 365 design<\/h2>\n<p>&nbsp;<\/p>\n<p><b><img loading=\"lazy\" decoding=\"async\" class=\"alignright size-medium wp-image-21595\" src=\"http:\/\/365design.no\/wp-content\/uploads\/2015\/04\/331287_10150969363731010_1286864246_o-225x300.jpg\" alt=\"331287_10150969363731010_1286864246_o\" width=\"225\" height=\"300\" srcset=\"https:\/\/365design.no\/wp-content\/uploads\/2015\/04\/331287_10150969363731010_1286864246_o-225x300.jpg 225w, https:\/\/365design.no\/wp-content\/uploads\/2015\/04\/331287_10150969363731010_1286864246_o-768x1024.jpg 768w, https:\/\/365design.no\/wp-content\/uploads\/2015\/04\/331287_10150969363731010_1286864246_o-600x800.jpg 600w, https:\/\/365design.no\/wp-content\/uploads\/2015\/04\/331287_10150969363731010_1286864246_o-700x933.jpg 700w, https:\/\/365design.no\/wp-content\/uploads\/2015\/04\/331287_10150969363731010_1286864246_o-1100x1467.jpg 1100w, https:\/\/365design.no\/wp-content\/uploads\/2015\/04\/331287_10150969363731010_1286864246_o.jpg 1536w\" sizes=\"auto, (max-width: 225px) 100vw, 225px\" \/><\/b><\/p>\n<p><b>Jannike Bergmann <\/b><b>Torjusen<\/b> er utdannet interi\u00f8rarkitekt og driver 365 design. Jannike var ferdig utdannet i 2001 ved University of Brighton i England og har tittelen BA (Houns) Interior Architecture.<\/p>\n<p>For oss er innlevelse, forst\u00e5else og samspill med oppdragsgiver og brukere det vesentlige og styrende i ethvert prosjekt og i enhver oppgave. Det er viktig at vi er lydh\u00f8re i dette samarbeidet, da det er brukerne som kjenner rammene, forutsetningene og sider av den daglige bruken som er avgj\u00f8rende for \u00e5 f\u00e5 til en bra prosess og et godt sluttprodukt.<\/p>\n<p>Med dette som utgangspunkt og med v\u00e5r mangesidede erfaring fra ulike prosjekter og brukere, mener vi at vi har de riktige forutsetningene for \u00e5 skape gode prosjekter.<\/p>\n<p>365 design jobber med prosjekt i alle skalaer, og har de siste \u00e5rene jobbet mye med innredningskonsepter og innredninger for store n\u00e6ringsbygg\/ bedrifter. Vi er opptatt av \u00e5 skape gode arbeidsplasser, og hvordan arkitekturen p\u00e5virker oss. Vi designer, utarbeider og ferdigstiller interi\u00f8rer som begeistrer,\u00a0 styrker identitet\/merkevare og skaper verdier.<\/p>\n<p>365 DESIGN sitter i kreativt kontorfelleskap med Meter Arkitektur, Griff Arkitektur, Rom for flere og Monica Stavem design, i flotte lokaler p\u00e5 V\u00e6rstetorvet 1 i Fredrikstad.<\/p>\n<p>Sammen kan vi utf\u00f8re komplette arkitektur tjenester. Dynamisk teamarbeid skaper design og arkitektur tilpasset kundens behov.<\/p>\n<p>&nbsp;<\/p>\n","protected":false},"excerpt":{"rendered":"<p>Om 365 design &nbsp; Jannike Bergmann Torjusen er utdannet interi\u00f8rarkitekt og driver 365 design. Jannike var ferdig utdannet i 2001 ved University of Brighton i England og har tittelen BA (Houns) Interior Architecture. For oss er innlevelse, forst\u00e5else og samspill med oppdragsgiver og brukere det&#8230;<\/p>\n","protected":false},"author":1,"featured_media":0,"parent":0,"menu_order":0,"comment_status":"open","ping_status":"open","template":"","meta":{"footnotes":""},"class_list":["post-2","page","type-page","status-publish","hentry"],"_links":{"self":[{"href":"https:\/\/365design.no\/index.php\/wp-json\/wp\/v2\/pages\/2","targetHints":{"allow":["GET"]}}],"collection":[{"href":"https:\/\/365design.no\/index.php\/wp-json\/wp\/v2\/pages"}],"about":[{"href":"https:\/\/365design.no\/index.php\/wp-json\/wp\/v2\/types\/page"}],"author":[{"embeddable":true,"href":"https:\/\/365design.no\/index.php\/wp-json\/wp\/v2\/users\/1"}],"replies":[{"embeddable":true,"href":"https:\/\/365design.no\/index.php\/wp-json\/wp\/v2\/comments?post=2"}],"version-history":[{"count":11,"href":"https:\/\/365design.no\/index.php\/wp-json\/wp\/v2\/pages\/2\/revisions"}],"predecessor-version":[{"id":21928,"href":"https:\/\/365design.no\/index.php\/wp-json\/wp\/v2\/pages\/2\/revisions\/21928"}],"wp:attachment":[{"href":"https:\/\/365design.no\/index.php\/wp-json\/wp\/v2\/media?parent=2"}],"curies":[{"name":"wp","href":"https:\/\/api.w.org\/{rel}","templated":true}]}}